 the hundred millions digit of 2166033936?
1
What is the millions digit of 2305136534?
5
What is the units digit of 8584687?
7
What is the ten millions digit of 30968165?
3
What is the hundreds digit of 545334887?
8
What is the units digit of 1028347480?
0
What is the hundred thousands digit of 181395778?
3
What is the millions digit of 42817869?
2
What is the tens digit of 14812951?
5
What is the units digit of 346314590?
0
What is the hundred thousands digit of 1015038886?
0
What is the ten millions digit of 11602945?
1
What is the thousands digit of 83893926?
3
What is the hundreds digit of 2663806?
8
What is the hundred millions digit of 1164244773?
1
What is the units digit of 16788398?
8
What is the millions digit of 964587968?
4
What is the units digit of 347570592?
2
What is the thousands digit of 104772505?
2
What is the hundred millions digit of 7100115420?
1
What is the thousands digit of 21443537?
3
What is the hundred thousands digit of 23189383?
1
What is the tens digit of 1927444933?
3
What is the thousands digit of 454326788?
6
What is the hundreds digit of 212913761?
7
What is the tens digit of 173464912?
1
What is the ten millions digit of 2730376084?
3
What is the ten millions digit of 22310992?
2
What is the hundred thousands digit of 3114085119?
0
What is the ten thousands digit of 5264880?
6
What is the ten thousands digit of 1688616267?
1
What is the thousands digit of 247313974?
3
What is the tens digit of 22319310?
1
What is the ten millions digit of 1996600845?
9
What is the billions digit of 7354981276?
7
What is the ten millions digit of 377276912?
7
What is the hundred thousands digit of 6857397?
8
What is the ten millions digit of 89753523?
8
What is the hundred millions digit of 1067687693?
0
What is the billions digit of 2494133961?
2
What is the units digit of 2043919608?
8
What is the units digit of 1268209487?
7
What is the hundred thousands digit of 407442648?
4
What is the hundreds digit of 18420473?
4
What is the units digit of 540310279?
9
What is the thousands digit of 97201865?
1
What is the hundred thousands digit of 7847812?
8
What is the hundred thousands digit of 209339538?
3
What is the millions digit of 635352720?
5
What is the millions digit of 224091368?
4
What is the units digit of 4160455559?
9
What is the units digit of 4358239709?
9
What is the hundred millions digit of 346629387?
3
What is the hundreds digit of 17001980?
9
What is the units digit of 66611147?
7
What is the units digit of 501343699?
9
What is the tens digit of 56194030?
3
What is the hundreds digit of 323000563?
5
What is the ten thousands digit of 1548305096?
0
What is the hundred thousands digit of 4356709409?
7
What is the hundreds digit of 9207519?
5
What is the thousands digit of 41898783?
8
What is the millions digit of 210572713?
0
What is the ten millions digit of 560710377?
6
What is the millions digit of 154585461?
4
What is the hundred thousands digit of 186225425?
2
What is the ten millions digit of 208358362?
0
What is the ten millions digit of 144955952?
4
What is the tens digit of 16546624?
2
What is the units digit of 1837270322?
2
What is the millions digit of 176821247?
6
What is the ten millions digit of 1431034292?
3
What is the hundreds digit of 53499365?
3
What is the millions digit of 20193225?
0
What is the ten thousands digit of 27268755?
6
What is the ten thousands digit of 911094612?
9
What is the hundred millions digit of 165485170?
1
What is the thousands digit of 2725372?
5
What is the billions digit of 1052551415?
1
What is the thousands digit of 86009839?
9
What is the ten millions digit of 82979634?
8
What is the units digit of 2341113785?
5
What is the millions digit of 60752734?
0
What is the hundred thousands digit of 730975794?
9
What is the units digit of 196128453?
3
What is the ten thousands digit of 96558291?
5
What is the hundred millions digit of 633226164?
6
What is the hundreds digit of 145458770?
7
What is the ten millions digit of 563281250?
6
What is the tens digit of 119668161?
6
What is the ten millions digit of 61478611?
6
What is the ten millions digit of 1112634865?
1
What is the units digit of 163142890?
0
What is the ten millions digit of 191058898?
9
What is the tens digit of 1268691332?
3
What is the hundred thousands digit of 2364304435?
3
What is the tens digit of 938955712?
1
What is the millions digit of 221445695?
1
What is the millions digit of 598755422?
8
What is the millions digit of 28339783?
8
What is the units digit of 598324701?
1
What is the hundred millions digit of 394478187?
3
What is the thousands digit of 133055845?
5
What is the ten millions digit of 6581299805?
8
What is the millions digit of 202322499?
2
What is the hundred millions digit of 323949630?
3
What is the thousands digit of 175697721?
7
What is the hundreds digit of 8502980?
9
What is the units digit of 118904708?
8
What is the tens digit of 672718884?
8
What is the hundreds digit of 9171477?
4
What is the millions digit of 45659097?
5
What is the thousands digit of 143527031?
7
What is the hundred thousands digit of 20165541?
1
What is the ten thousands digit of 1055638833?
3
What is the thousands digit of 3872316790?
6
What is the hundred thousands digit of 21861180?
8
What is the millions digit of 33663009?
3
What is the thousands digit of 628622565?
2
What is the ten thousands digit of 1055912991?
1
What is the ten thousands digit of 142387667?
8
What is the ten thousands digit of 681315587?
1
What is the hundred thousands digit of 36321276?
3
What is the hundred thousands digit of 947543009?
5
What is the hundreds digit of 4730853262?
2
What is the thousands digit of 44308313?
8
What is the millions digit of 104202304?
4
What is the thousands digit of 871052153?
2
What is the ten thousands digit of 3634172545?
7
What is the units digit of 5282818649?
9
What is the hundred thousands digit of 152239358?
2
What is the ten millions digit of 89410079?
8
What is the units digit of 521830304?
4
What is the hundred millions digit of 1140351831?
1
What is the tens digit of 2738107354?
5
What is the tens digit of 1133896975?
7
What is the hundred thousands digit of 943278491?
2
What is the units digit of 11269995?
5
What is the thousands digit of 3376847?
6
What is the hundred millions digit of 107568075?
1
What is the tens digit of 25565872?
7
What is the hundred thousands digit of 315934870?
9
What is the hundred thousands digit of 514665886?
6
What is the ten thousands digit of 739984990?
8
What is the thousands digit of 80141622?
1
What is the ten millions digit of 8319025490?
1
What is the ten millions digit of 2276431293?
7
What is the ten millions digit of 29883750?
2
What is the tens digit of 723179687?
8
What is the hundreds digit of 691437968?
9
What is the tens digit of 289117030?
3
What is the hundred millions digit of 240479492?
2
What is the tens digit of 905776024?
2
What is the units digit of 22244334?
4
What is the millions digit of 68719099?
8
What is the ten millions digit of 10580303?
1
What is the thousands digit of 988509735?
9
What is the tens digit of 345878986?
8
What is the thousands digit of 1800175325?
5
What is the hundred millions digit of 1093058934?
0
What is the ten millions digit of 34707311?
3
What is the hundred millions digit of 671737449?
6
What is the thousands digit of 289861810?
1
What is the hundred thousands digit of 440919619?
9
What is the tens digit of 2226623356?
5
What is the hundreds digit of 2239546516?
5
What is the millions digit of 768139793?
8
What is the thousands digit of 1368986709?
6
What is the ten thousands digit of 54751149?
5
What is the units digit of 393327790?
0
What is the hundreds digit of 170862967?
9
What is the thousands digit of 508942726?
2
What is the hundred thousands digit of 514593527?
5
What is the hundred millions digit of 211055716?
2
What is the ten millions digit of 4149977151?
4
What is the ten millions digit of 20512583?
2
What is the tens digit of 1998179946?
4
What is the hundreds digit of 6643659?
6
What is the ten thousands digit of 445639876?
3
What is the ten thousands digit of 62816754?
1
What is the millions digit of 5959661933?
9
What is the units digit of 369281491?
1
What is the millions digit 